4*y + 90. Suppose 3*u = 2*h + 13 - s, 5*h - 20 = 0. List the prime factors of (-2442)/u - 3/(-2 + 17).
2, 61
Suppose -1257930 = 20848*l - 20875*l. What are the prime factors of l?
2, 3, 5, 1553
Let y = -2 + 5. Suppose 4*m - 225 = -n, -y*n + 18*m + 595 = 14*m. What are the prime factors of n?
5, 41
Suppose 4*x - 1462 = -2*r, 2*r = 5*r - 3*x - 2175. Suppose -4*k + 5*i + r = 0, -3*i - 735 = -4*k - 6*i. What are the prime factors of k?
3, 61
Let g(f) = 44*f**2 + 101*f - 580. List the prime factors of g(6).
2, 5, 7, 23
Suppose i + 7 = 5*g - 3*g, 11 = -5*i + 2*g. Let c = i + 0. List the prime factors of ((-4)/(-10))/(c/(-320)).
2
Let b(z) = 25*z - 21. Let k be b(5). Suppose i + 3*i - k = 0. List the prime factors of i/(-65) + 774/10.
7, 11
What are the prime factors of 2 - -1 - ((-2)/8 - 10104240/320)?
23, 1373
Let o be (-16)/32*(-243 + 1). Let k = 1082 - o. What are the prime factors of k?
31
Let m = -1577 + 2920. Suppose -2241 = -8*n + m. Suppose 5*x - 102 = n. List the prime factors of x.
2, 5, 11
Let z(t) = 17*t**2 + 19*t + 29. Let l be z(10). Suppose 2*a = -437 + l. What are the prime factors of a?
3, 13, 19
Let f(q) = 77*q - 10. Let y be f(5). Let n(a) = 13*a**2 - 2*a. Let x be n(-1). Suppose -z + 4*z - y = 5*h, x = 5*h. What are the prime factors of z?
2, 5, 13
Suppose -27*n + 1402 + 299 = 0. What are the prime factors of 2148/(-20)*(-210)/n?
2, 179
Let f be (514/8)/(9/36). Suppose -f - 598 = -9*x. Suppose x = 3*o - 88. List the prime factors of o.
61
Let g(f) = 2*f**3 - 2*f + 2. Let b be g(-2). List the prime factors of (-1928)/b - (-54)/270.
193
Let h be 9/12 + (-33)/12. Let m be 9/6 + (-1)/h. Suppose 4*g = m*g + 50. What are the prime factors of g?
5
Let y be 214/4*1140/30. Suppose -907 = -5*b + y. What are the prime factors of b?
2, 3, 7
Let h(u) = -u**3 - 77*u**2 + 53*u + 559. What are the prime factors of h(-78)?
13, 193
Let p(v) = -v - 11. Let n be p(-6). Let q(z) = -z**2 + 12*z + 6. Let k(j) = -2*j**2 + 26*j + 11. Let i(y) = 3*k(y) - 7*q(y). What are the prime factors of i(n)?
2, 23
Let p(t) = -198*t + 66. Let g be p(-8). Suppose 3*m - 686 = -2*a, 5*m - 4*a + 514 - g = 0. What are the prime factors of m?
2, 3, 19
List the prime factors of (6*6/(-9))/((5/41020)/(-1)).
2, 7, 293
Suppose 0 = 4*j - 0*w - w - 86, -113 = -5*j + 4*w. Let f(g) = g**3 - 21*g**2 + 2*g - 42. Let a be f(j). What are the prime factors of 6 - (-3 + a + 3)?
2, 3
Suppose -80303 = -y + 3*f, -159*y + 161*y = -4*f + 160526. What are the prime factors of y?
80279
Let a(v) = v**3 - 11*v**2 + 14*v - 36. Let b be a(12). Suppose b = 8*o + 68. What are the prime factors of o?
2, 13
Let y be 35*(-8 + 4 + 5). Let n = -23 + y. List the prime factors of 144 - (39/(-12) - n/16).
2, 37
Let u(m) = m**3 - 90*m**2 - 136*m + 828. What are the prime factors of u(92)?
2, 3, 19, 23
List the prime factors of 70442/(-4)*(146 + -148).
35221
Suppose -4*t + 28 = 4*i, 0 = 2*i - 0*t + 4*t - 24. Suppose 2*c - 4*l = -i*c - 28, 3*l = -2*c - 9. List the prime factors of 8 + -4 + c/3.
2
Suppose -10*j = -17*j - 266. Let z be ((-15)/(-6))/(((-1)/j)/(-1)). List the prime factors of 228/z*(1 - (-167)/(-2)).
2, 3, 11
Suppose 92640 = -6221*d + 6241*d. List the prime factors of d.
2, 3, 193
Let m = 187998 + -116404. What are the prime factors of m?
2, 35797
Let o(s) = 2*s**3 + 2*s**2 + 3*s + 2. Let l be o(4). Suppose 2*f + f - l = 0. Suppose 4*g = -4*c + 56, -3*c + 4*g = -g - f. List the prime factors of c.
2
Suppose 0 = -77*l + 78*l. Suppose 1 = -u - 3*j, -4*u + 4*j + l*j = -12. List the prime factors of 295/u + (-15)/(-10).
149
Let f be 4 + 53 - (0 - 3). Let b = f - -7. Suppose b = 3*y - 20. List the prime factors of y.
29
Let r = -897 + 912. Suppose 2*k + 710 = 4*x, 4*k - k = -4*x + 695. Suppose 0 = -3*q + r, -q = 5*c + 26 - x. List the prime factors of c.
29
Suppose -38*c - 3*l + 34481 = -36*c, 4*l + 28 = 0. List the prime factors of c.
13, 1327
Suppose 0 = 2*j - 2*j + 4*j. Suppose -6*k + 9*k - 12 = j. Suppose 0*w + 8 = -k*w + 4*z, -z + 20 = 5*w. What are the prime factors of w?
3
Let l = 60202 + -37346. List the prime factors of l.
2, 2857
Let o = 4166 + -4222. Let y be (-21)/(5/(-2) - -1). List the prime factors of 1538/y - 8/o.
2, 5, 11
Suppose x - 19 = 3*p, -x + 4*x - 4*p - 32 = 0. Suppose 8*g - 4*g = -x. What are the prime factors of (-12 + 13)*(-35)/g?
5, 7
Let w(c) = -17*c + 158. Let m be w(9). Suppose 9*r = m*r + 4112. List the prime factors of r.
2, 257
Let j(n) = -n + 14. Let w be j(11). Suppose 4*a + d = 78, 0*d = -w*a - d + 58. List the prime factors of 612/a + (-8)/(-20).
31
List the prime factors of (-24 + 4 - 3)/(13/(-1183)).
7, 13, 23
Let o(g) = -3*g**3 + 2*g**2 + 5*g + 7567. What are the prime factors of o(0)?
7, 23, 47
List the prime factors of (76245/46)/(5/30).
3, 5, 13, 17
Let z(p) = -130*p**2 + 174*p + 9. Let d(f) = 43*f**2 - 58*f - 4. Let u(n) = -8*d(n) - 3*z(n). What are the prime factors of u(5)?
5, 173
Suppose 8*k + 72 = 16*k. Suppose -k*l + 323 = -8*l. List the prime factors of l.
17, 19
Suppose 116*j - 1207215 = -345219. List the prime factors of j.
3, 2477
Let t(c) = -401*c + 1232. List the prime factors of t(-63).
5, 7, 757
Let b = 112 + -80. Suppose 41*c = b*c + 4365. What are the prime factors of c?
5, 97
Let z(v) be the first derivative of v**3/3 + v**2 - 64*v + 133. What are the prime factors of z(-10)?
2
Let i(b) = -2*b**3 + 49*b**2 + 13*b + 2. List the prime factors of i(13).
2, 2029
Let c = 7790 - 3054. What are the prime factors of c?
2, 37
Suppose -30162 = -24*y - 42*y. List the prime factors of y.
457
Suppose -4*t + 79517 - 18761 = 0. Suppose t = 7*m + 2400. List the prime factors of m.
3, 7, 29
Suppose -h + 9182 = 4*x, 2288 = 14*x - 13*x + 4*h. What are the prime factors of x?
2, 7, 41
Let x(n) = 2*n - 21. Let r be x(9). What are the prime factors of (-1337)/r + 24/18 + 1?
2, 7
Let t be -16*(5 - (-4 + 1214/8)). Suppose 5*d - 7*d - t = -4*r, 5*r + 5*d = 2885. What are the prime factors of r?
3, 191
List the prime factors of ((-129)/(-5))/(1206/7670 - 84/546).
3, 43, 59
Suppose -72*l + 2 = -71*l. Suppose -4 = -l*p + 3*c + 158, -4*c = -4*p + 320. List the prime factors of -4 - (p*-1 + 9/3).
71
Let u(y) = 7*y**2 + 2*y - 16. Let h(n) = 11*n**2 + 3*n - 24. Let f(v) = -5*h(v) + 8*u(v). Let m be f(-4). What are the prime factors of 3 - (0 + (3 - m - 34))?
2, 19
Suppose -n - 3*t = 41, n + 5*t + 28 = -7. Let c = n - -483. What are the prime factors of c?
433
Let m be (9/27)/((-1)/(-12)). Suppose 0 = 5*q + 6*t - t - 3155, -1268 = -2*q + m*t. What are the prime factors of q?
2, 79
Let x(t) = 2*t**2 + 19*t - 277. What are the prime factors of x(-57)?
2, 7, 367
Let l = -80 + 77. Let g be (-153)/(l + 7 + -5). Suppose -7*j = -741 + g. List the prime factors of j.
2, 3, 7
Let n(w) = -23*w**3 + 12*w**2 + 102*w + 1. What are the prime factors of n(-6)?
4789
Let g(k) = k - 2. Let y be g(5). Suppose 2*z = -z - y, -r + 5*z = -5. What are the prime factors of 3/6*(r + 392)/4?
7
Let o = -31 - -85. Let i = -3612 + 3623. Suppose o = -i*h + 747. List the prime factors of h.
3, 7
Let t(j) = -7*j + 40. Let r be t(-17). Suppose 17 = -2*y - r. Let p = 166 + y. List the prime factors of p.
2, 3, 13
Let y(z) = -118*z + 3090. What are the prime factors of y(-23)?
2, 1451
Let j = -45 + 42. Let v(x) = -5*x**3 + 3*x**2 + 6*x - 3. Let z be v(j). Let d = z - 43. What are the prime factors of d?
2, 7
Suppose -3*c + 3*z = -6105, -5*z + 267 = -3*c + 6366. List the prime factors of c.
2, 1019
Let y = -11302 - -20382. List the prime factors of y.
2, 5, 227
Let r(h) = 3*h**2 - 37*h + 31. Let n(i) = 28 + 13*i - 30*i + 18*i. Let w be n(-12). List the prime factors of r(w).
3, 23
Let n(k) = 58*k**2 - 7*k + 160. What are the prime factors of n(13)?
9871
Let u(r) = 49*r**2 - 198*r + 31. What are the prime factors of u(-25)?
2, 19, 937
Let c = -759 + -308. Let v = c - -1530. List the prime factors of v.
463
Suppose 7*d = -15*d + 30558. Suppose -3*a + 263 + 214 = t, 0 = -3*t + 5*a + d. What are the prime factors of t?
2, 3, 13
List the prime factors of 87/(-406) + (-504969)/(-14).
3, 11, 1093
Let w = 25 - 35. Let u be 0/(((-5)/(w/8))/(-2)). Suppose f + 3*h + 0*h - 4 = u, -3*h - 20 = -5*f. What are the prime factors of f?
2
Let x be -1 + 5 - (-2 + -548). Let m = -234 + x. Suppose -m - 20 = -4*g. What are the p